{"id":73,"date":"2021-03-16T13:22:37","date_gmt":"2021-03-16T13:22:37","guid":{"rendered":"http:\/\/angeln-lenne.de\/?page_id=73"},"modified":"2026-03-13T06:44:23","modified_gmt":"2026-03-13T06:44:23","slug":"startseite","status":"publish","type":"page","link":"https:\/\/angeln-lenne.de\/","title":{"rendered":"Startseite"},"content":{"rendered":"\n<p class=\"has-medium-font-size\"><strong>Herzlich willkommen auf der Website der Angelfreunde Lenne-Hohenlimburg e.V.<\/strong><br><\/p>\n\n\n\n<p><strong>Aktuelle Info f\u00fcr unsere Mitglieder: unter der Rubrik &#8222;Mitgliederinfos&#8220; findet sich das Protokoll der Jahreshauptversammlung vom 20.02.2026<\/strong><\/p>\n\n\n\n<p>Auf dieser Homepage finden Sie Informationen rund um unseren Verein, unsere aktuellen Termine sowie Wissenswertes \u00fcber unser Gew\u00e4sser, die Lenne.<\/p>\n\n\n\n<p>Der Schutz dieses Gew\u00e4ssers, die Hege und Pflege des&nbsp;artenreichen heimischen Fischbestandes und der dazugeh\u00f6rigen&nbsp;Flora und Fauna z\u00e4hlen zu den Aufgaben unseres&nbsp;Vereins. Mit unserer Vereinsarbeit leisten wir einen wertvollen&nbsp;Beitrag zum Gew\u00e4sser-, Arten-, Natur- und Umweltschutz, indem&nbsp;wir uns nicht nur um die heimischen Fischarten, sondern ebenso um&nbsp;die wirbellosen Tiere und die Gew\u00e4sservegetation bem\u00fchen.<br><br>Helfen Sie mit unser Gew\u00e4sser und dessen Lebensraum zu&nbsp;erhalten, damit wir gemeinsam auch in Zukunft noch lange Freude an der stadtnahen Natur&nbsp;haben k\u00f6nnen. <\/p>\n\n\n\n<p>Viel Spa\u00df beim Lesen w\u00fcnschen Ihnen die Mitglieder der Angelfreunde Lenne &#8211; Hohenlimburg e.V.<\/p>\n\n\n\n<p><strong>Information f\u00fcr anfragende Sportsfreunde<\/strong>:<\/p>\n\n\n\n<p>F\u00fcr unsere Vereinsstrecke werden keine Tageskarten ausgegeben.<br>Auch gibt es keine M\u00f6glichkeit des \u201eTestangelns\u201c vor Vereinsbeitritt.<br>Von derlei Anfragen bitten wir abzusehen.<\/p>\n\n\n\n<p style=\"font-style:normal;font-weight:600\"><strong>Aktualisiert am <\/strong>13.03.2026<\/p>\n\n\n\n<p><\/p>\n","protected":false},"excerpt":{"rendered":"<p>Herzlich willkommen auf der Website der Angelfreunde Lenne-Hohenlimburg e.V. Aktuelle Info f\u00fcr unsere Mitglieder: unter der Rubrik &#8222;Mitgliederinfos&#8220; findet sich&hellip;<\/p>\n","protected":false},"author":1,"featured_media":0,"parent":0,"menu_order":0,"comment_status":"closed","ping_status":"closed","template":"","meta":{"footnotes":""},"class_list":["post-73","page","type-page","status-publish","hentry"],"jetpack-related-posts":[],"jetpack_sharing_enabled":true,"_links":{"self":[{"href":"https:\/\/angeln-lenne.de\/index.php?rest_route=\/wp\/v2\/pages\/73","targetHints":{"allow":["GET"]}}],"collection":[{"href":"https:\/\/angeln-lenne.de\/index.php?rest_route=\/wp\/v2\/pages"}],"about":[{"href":"https:\/\/angeln-lenne.de\/index.php?rest_route=\/wp\/v2\/types\/page"}],"author":[{"embeddable":true,"href":"https:\/\/angeln-lenne.de\/index.php?rest_route=\/wp\/v2\/users\/1"}],"replies":[{"embeddable":true,"href":"https:\/\/angeln-lenne.de\/index.php?rest_route=%2Fwp%2Fv2%2Fcomments&post=73"}],"version-history":[{"count":56,"href":"https:\/\/angeln-lenne.de\/index.php?rest_route=\/wp\/v2\/pages\/73\/revisions"}],"predecessor-version":[{"id":1098,"href":"https:\/\/angeln-lenne.de\/index.php?rest_route=\/wp\/v2\/pages\/73\/revisions\/1098"}],"wp:attachment":[{"href":"https:\/\/angeln-lenne.de\/index.php?rest_route=%2Fwp%2Fv2%2Fmedia&parent=73"}],"curies":[{"name":"wp","href":"https:\/\/api.w.org\/{rel}","templated":true}]}}